 the hundreds digit of 91498?
4
What is the ten thousands digit of 3440835?
4
What is the thousands digit of 1336314?
6
What is the ten thousands digit of 260276?
6
What is the ten thousands digit of 149805?
4
What is the thousands digit of 4869556?
9
What is the hundreds digit of 142232?
2
What is the ten millions digit of 14989058?
1
What is the hundreds digit of 1480117?
1
What is the units digit of 444934?
4
What is the thousands digit of 1141926?
1
What is the ten thousands digit of 130207?
3
What is the tens digit of 1534832?
3
What is the ten thousands digit of 4188268?
8
What is the hundred thousands digit of 5540265?
5
What is the units digit of 145382?
2
What is the units digit of 997286?
6
What is the hundreds digit of 14031?
0
What is the hundreds digit of 10016513?
5
What is the ten thousands digit of 10040873?
4
What is the hundred thousands digit of 4352273?
3
What is the millions digit of 1987270?
1
What is the thousands digit of 2471322?
1
What is the ten thousands digit of 33158?
3
What is the tens digit of 102274?
7
What is the millions digit of 15573807?
5
What is the hundred thousands digit of 1773565?
7
What is the hundred thousands digit of 4184914?
1
What is the thousands digit of 91589?
1
What is the units digit of 4499268?
8
What is the units digit of 74091?
1
What is the thousands digit of 21253236?
3
What is the tens digit of 3255447?
4
What is the tens digit of 104946?
4
What is the thousands digit of 12195611?
5
What is the thousands digit of 4685341?
5
What is the ten thousands digit of 12691074?
9
What is the hundreds digit of 4507696?
6
What is the millions digit of 1012654?
1
What is the thousands digit of 230693?
0
What is the hundred thousands digit of 452994?
4
What is the ten thousands digit of 868827?
6
What is the hundred thousands digit of 720741?
7
What is the units digit of 23336160?
0
What is the hundreds digit of 968899?
8
What is the tens digit of 23612781?
8
What is the hundred thousands digit of 4824026?
8
What is the millions digit of 2260411?
2
What is the tens digit of 828352?
5
What is the ten thousands digit of 416935?
1
What is the thousands digit of 44075?
4
What is the ten thousands digit of 1572762?
7
What is the units digit of 242891?
1
What is the hundred thousands digit of 4055114?
0
What is the hundred thousands digit of 423706?
4
What is the thousands digit of 282044?
2
What is the thousands digit of 220653?
0
What is the units digit of 5451?
1
What is the millions digit of 3195030?
3
What is the hundreds digit of 1781503?
5
What is the thousands digit of 118291?
8
What is the ten thousands digit of 820363?
2
What is the tens digit of 1848549?
4
What is the thousands digit of 405236?
5
What is the hundreds digit of 19917394?
3
What is the thousands digit of 230767?
0
What is the tens digit of 658892?
9
What is the hundreds digit of 247819?
8
What is the hundreds digit of 10346295?
2
What is the tens digit of 246616?
1
What is the millions digit of 5247237?
5
What is the thousands digit of 25587912?
7
What is the units digit of 1703571?
1
What is the hundreds digit of 524606?
6
What is the ten thousands digit of 215152?
1
What is the millions digit of 9550476?
9
What is the tens digit of 13429878?
7
What is the units digit of 1645508?
8
What is the tens digit of 4890680?
8
What is the thousands digit of 18536697?
6
What is the thousands digit of 880436?
0
What is the hundred thousands digit of 10872169?
8
What is the hundred thousands digit of 102513?
1
What is the tens digit of 2638389?
8
What is the ten thousands digit of 5178031?
7
What is the units digit of 8400492?
2
What is the hundreds digit of 4147720?
7
What is the hundred thousands digit of 7209943?
2
What is the hundreds digit of 201226?
2
What is the millions digit of 1004224?
1
What is the ten thousands digit of 6812484?
1
What is the hundred thousands digit of 1206191?
2
What is the units digit of 7723631?
1
What is the thousands digit of 50922?
0
What is the units digit of 10219118?
8
What is the tens digit of 3332513?
1
What is the thousands digit of 2402611?
2
What is the units digit of 28179070?
0
What is the millions digit of 3454643?
3
What is the hundreds digit of 100734?
7
What is the hundreds digit of 2259409?
4
What is the tens digit of 7681888?
8
What is the hundreds digit of 921187?
1
What is the thousands digit of 7255649?
5
What is the millions digit of 3097855?
3
What is the thousands digit of 233560?
3
What is the hundreds digit of 543182?
1
What is the hundreds digit of 2316711?
7
What is the ten thousands digit of 58033?
5
What is the hundred thousands digit of 11116601?
1
What is the millions digit of 22292758?
2
What is the ten thousands digit of 16216448?
1
What is the hundred thousands digit of 1233779?
2
What is the units digit of 198516?
6
What is the units digit of 9904662?
2
What is the hundreds digit of 32952?
9
What is the ten thousands digit of 25395049?
9
What is the ten millions digit of 27974417?
2
What is the hundreds digit of 5413483?
4
What is the units digit of 1758696?
6
What is the hundreds digit of 5148052?
0
What is the tens digit of 217535?
3
What is the hundred thousands digit of 2931751?
9
What is the ten thousands digit of 21162?
2
What is the units digit of 1318740?
0
What is the thousands digit of 677028?
7
What is the tens digit of 3061794?
9
What is the units digit of 40492?
2
What is the hundred thousands digit of 3300062?
3
What is the units digit of 12293931?
1
What is the thousands digit of 36092?
6
What is the hundreds digit of 35108631?
6
What is the ten thousands digit of 117185?
1
What is the tens digit of 2883353?
5
What is the tens digit of 2125400?
0
What is the tens digit of 8410036?
3
What is the tens digit of 3263143?
4
What is the hundreds digit of 242084?
0
What is the millions digit of 1100402?
1
What is the units digit of 21573959?
9
What is the thousands digit of 102132?
2
What is the ten millions digit of 26291462?
2
What is the units digit of 27105?
5
What is the hundred thousands digit of 957084?
9
What is the units digit of 361726?
6
What is the tens digit of 39670?
7
What is the ten thousands digit of 2501103?
0
What is the hundreds digit of 1380667?
6
What is the ten thousands digit of 107586?
0
What is the tens digit of 36836100?
0
What is the hundred thousands digit of 3137759?
1
What is the units digit of 9944103?
3
What is the hundred thousands digit of 7464656?
4
What is the hundreds digit of 395180?
1
What is the hundred thousands digit of 1457573?
4
What is the tens digit of 8122065?
6
What is the thousands digit of 263081?
3
What is the hundreds digit of 553421?
4
What is the hundred thousands digit of 656856?
6
What is the ten thousands digit of 3634525?
3
What is the thousands digit of 37233261?
3
What is the hundred thousands digit of 209190?
2
What is the thousands digit of 1473503?
3
What is the ten thousands digit of 3670334?
7
What is the hundred thousands digit of 3147846?
1
What is the hundred thousands digit of 253471?
2
What is the tens digit of 4336974?
7
What is the hundred thousands digit of 495377?
4
What is the tens digit of 7910884?
8
What is the millions digit of 15122482?
5
What is the thousands digit of 35886?
5
What is the thousands digit of 28995465?
5
What is the hundreds digit of 1040055?
0
What is the thousands digit of 825521?
5
What is the units digit of 261541?
1
What is the millions digit of 10060886?
0
What is the ten thousands digit of 4160857?
6
What is the units digit of 5587224?
4
What is the millions digit of 9640979?
9
What is the hundreds digit of 1219163?
1
What is the thousands digit of 230852?
0
What is the ten thousands digit of 2781809?
8
What is the thousands digit of 117115?
7
What is the hundreds digit of 167484?
4
What is the tens digit of 1576325?
2
What is the tens digit of 9576?
7
What is the tens digit of 1778481?
8
What is the ten thousands digit of 259204?
5
What is the ten thousands digit of 29988684?
8
What is the units digit of 229383?
3
What is the units digit of 220340?
0
What is the millions digit of 26741858?
6
What is the ten thousands digit of 1308410?
0
What is the thousands digit of 14574772?
4
What is the hundreds digit of 11395922?
9
What is the units digit of 1050068?
8
